{"id":50,"date":"2014-02-01T23:40:25","date_gmt":"2014-02-01T21:40:25","guid":{"rendered":"http:\/\/www.labyrinth-shg.de\/?page_id=50"},"modified":"2026-02-08T15:37:54","modified_gmt":"2026-02-08T14:37:54","slug":"ueber-uns","status":"publish","type":"page","link":"https:\/\/www.labyrinth-shg.de\/?page_id=50","title":{"rendered":"\u00dcber uns"},"content":{"rendered":"<p style=\"text-align: justify;\"><strong>Der Angeh\u00f6rigenstammtisch des Seniorenstifts <a title=\"festina lente Seniorenstift Wuppertal-Barmen - Internet\" href=\"http:\/\/www.festina-lente.de\/\" target=\"_blank\" rel=\"noopener\">festina lente<\/a> hat im M\u00e4rz 2013 die gemeinn\u00fctzige Selbsthilfegruppe \u201eLabyrinth<strong>\u201c<\/strong> f\u00fcr Alzheimer- und Demenzerkrankungen gegr\u00fcndet, um seine Erfahrungen und Kenntnisse einem gr\u00f6\u00dferen Kreis Betroffener zug\u00e4nglich zu machen.<\/strong><\/p>\n<p style=\"text-align: justify;\">Die Mitglieder, zu denen die Heimleiterin des Seniorenstifts <a href=\"http:\/\/www.festina-lente.de\" target=\"_blank\" rel=\"noopener\">festina lente<\/a>, Mitarbeiterinnen des Begleitenden Dienstes sowie Angeh\u00f6rige von Erkrankten geh\u00f6ren, bringen fachliche und soziale Kompetenz sowie differenzierte Sichten auf die Krankheit und deren Folgen mit.<\/p>\n<p style=\"text-align: justify;\">Wir helfen Personen aus dem Umfeld von Kranken mit Gespr\u00e4chen, Vermittlung von Kenntnissen \u00fcber die Krankheit und den zum Krankheitsbild passenden Umgang mit den Kranken in der besonders schwierigen Lebenssituation. Wir stellen nicht die Kranken in den Mittelpunkt der Arbeit. Sie werden meist medizinisch gut versorgt und ad\u00e4quat betreut. Wir versuchen aber, den Bewohnern des Seniorenstifts <a href=\"http:\/\/www.festina-lente.de\" target=\"_blank\" rel=\"noopener\">festina lente<\/a>, mit gemeinsamen Veranstaltungen wie \u201eTanz in den Mai&#8220;,\u00a0\u201eSommerfest&#8220;, \u201eOktoberfest&#8220;, \u201eWeihnachtsfeier&#8220; und Mitwirkung zu Ostern, Erntedank, Pfingsten und vielem mehr einige Momente Lebensfreude zu schenken. Auch sie m\u00f6chten wir so happy sehen wie <a title=\"Chris Metzen, Bergische Innovationsgesellschaft - Facebook\" href=\"https:\/\/de-de.facebook.com\/BergischeInnovation\" target=\"_blank\" rel=\"noopener\">Chris Metzen, Gesch\u00e4ftsf\u00fchrer der Bergischen Innovationsgesellschaft<\/a>, viele andere Wuppertaler sieht. Mit seiner freundlichen Genehmigung zeigen wir dieses Video:<\/p>\n<p><iframe loading=\"lazy\" src=\"\/\/www.youtube.com\/embed\/FGrv5_li2Ps?rel=0\" width=\"560\" height=\"315\" frameborder=\"0\" allowfullscreen=\"allowfullscreen\"><\/iframe><\/p>\n<p style=\"text-align: justify;\">Unsere Mitglieder arbeiten ehrenamtlich und unentgeltlich. Beitr\u00e4ge werden nicht erhoben, aber Beteiligung an der Arbeit wird erwartet. Wir sind unabh\u00e4ngig von wirtschaftlichen Unternehmen, religi\u00f6s, weltanschaulich und politisch nicht gebunden. Das Finanzamt Wuppertal-Barmen hat der Selbsthilfegruppe die Gemeinn\u00fctzigkeit bescheinigt.<\/p>\n<p style=\"text-align: center;\">Wir treffen uns<\/p>\n<p style=\"text-align: center;\">an jedem ersten Dienstag im Monat von 18:00 bis 19:00 Uhr<\/p>\n<p style=\"text-align: center;\">im Seniorenstift <strong><a title=\"festina lente Seniorenstift Wuppertal-Barmen - Internet\" href=\"http:\/\/www.festina-lente.de\/\" target=\"_blank\" rel=\"noopener\">festina lente<\/a><\/strong>, Hans-Sachs-Str. 1, in 42281 Wuppertal.<\/p>\n<p style=\"text-align: center;\">G\u00e4ste sind immer herzlich willkommen!<\/p>\n<p style=\"text-align: center;\">Sie sind herzlich eingeladen!<\/p>\n<h2 style=\"text-align: justify;\">Goldene Ehrennadel f\u00fcr unsere Schatzmeisterin<\/h2>\n<p style=\"text-align: justify;\">Am 2. Juli 2016 hat der <a title=\"BKHD\" href=\"http:\/\/www.bkhd.de\/\" target=\"_blank\" rel=\"noopener\">Bund klassischer Hom\u00f6opathen Deutschlands e. V.<\/a> unserer Schatzmeisterin Karin Rohloff die goldene Ehrennadel f\u00fcr besondere Verdienste um die Umsetzung und Verbesserung der hom\u00f6opathischen Qualit\u00e4tsstandards in den Bereichen, in denen sie Verantwortung f\u00fcr die Ausbildung im Bund klassischer Hom\u00f6opathen Deutschlands e. V. tr\u00e4gt.<\/p>\n<p>Wir gratulieren unserer Karin und sind stolz auf sie!<\/p>\n<p><a href=\"http:\/\/www.labyrinth-shg.de\/wp-content\/uploads\/2016\/07\/IMG_1427_klein.jpg\"><img decoding=\"async\" loading=\"lazy\" class=\"alignleft wp-image-732\" src=\"http:\/\/www.labyrinth-shg.de\/wp-content\/uploads\/2016\/07\/IMG_1427_klein.jpg\" alt=\"Karins Ehrennadel\" width=\"350\" height=\"468\" srcset=\"https:\/\/www.labyrinth-shg.de\/wp-content\/uploads\/2016\/07\/IMG_1427_klein.jpg 202w, https:\/\/www.labyrinth-shg.de\/wp-content\/uploads\/2016\/07\/IMG_1427_klein-200x267.jpg 200w\" sizes=\"(max-width: 350px) 100vw, 350px\" \/><\/a><img decoding=\"async\" loading=\"lazy\" class=\"alignright wp-image-733\" src=\"http:\/\/www.labyrinth-shg.de\/wp-content\/uploads\/2016\/07\/Karins-Ehrennadel0_1-212x300.jpg\" alt=\"Karins Ehrennadel\" width=\"332\" height=\"468\" srcset=\"https:\/\/www.labyrinth-shg.de\/wp-content\/uploads\/2016\/07\/Karins-Ehrennadel0_1-212x300.jpg 212w, https:\/\/www.labyrinth-shg.de\/wp-content\/uploads\/2016\/07\/Karins-Ehrennadel0_1-725x1024.jpg 725w, https:\/\/www.labyrinth-shg.de\/wp-content\/uploads\/2016\/07\/Karins-Ehrennadel0_1-200x282.jpg 200w, https:\/\/www.labyrinth-shg.de\/wp-content\/uploads\/2016\/07\/Karins-Ehrennadel0_1.jpg 1242w\" sizes=\"(max-width: 332px) 100vw, 332px\" \/><\/p>\n","protected":false},"excerpt":{"rendered":"<p>Der Angeh\u00f6rigenstammtisch des Seniorenstifts festina lente hat im M\u00e4rz 2013 die gemeinn\u00fctzige Selbsthilfegruppe \u201eLabyrinth\u201c f\u00fcr Alzheimer- und Demenzerkrankungen gegr\u00fcndet, um seine Erfahrungen und Kenntnisse einem gr\u00f6\u00dferen Kreis Betroffener zug\u00e4nglich zu machen. Die Mitglieder, zu denen die Heimleiterin des Seniorenstifts festina lente, Mitarbeiterinnen des Begleitenden Dienstes sowie Angeh\u00f6rige von Erkrankten geh\u00f6ren, bringen fachliche und soziale Kompetenz [&hellip;]<\/p>\n","protected":false},"author":1,"featured_media":1264,"parent":0,"menu_order":0,"comment_status":"open","ping_status":"open","template":"","meta":[],"_links":{"self":[{"href":"https:\/\/www.labyrinth-shg.de\/index.php?rest_route=\/wp\/v2\/pages\/50"}],"collection":[{"href":"https:\/\/www.labyrinth-shg.de\/index.php?rest_route=\/wp\/v2\/pages"}],"about":[{"href":"https:\/\/www.labyrinth-shg.de\/index.php?rest_route=\/wp\/v2\/types\/page"}],"author":[{"embeddable":true,"href":"https:\/\/www.labyrinth-shg.de\/index.php?rest_route=\/wp\/v2\/users\/1"}],"replies":[{"embeddable":true,"href":"https:\/\/www.labyrinth-shg.de\/index.php?rest_route=%2Fwp%2Fv2%2Fcomments&post=50"}],"version-history":[{"count":46,"href":"https:\/\/www.labyrinth-shg.de\/index.php?rest_route=\/wp\/v2\/pages\/50\/revisions"}],"predecessor-version":[{"id":1386,"href":"https:\/\/www.labyrinth-shg.de\/index.php?rest_route=\/wp\/v2\/pages\/50\/revisions\/1386"}],"wp:featuredmedia":[{"embeddable":true,"href":"https:\/\/www.labyrinth-shg.de\/index.php?rest_route=\/wp\/v2\/media\/1264"}],"wp:attachment":[{"href":"https:\/\/www.labyrinth-shg.de\/index.php?rest_route=%2Fwp%2Fv2%2Fmedia&parent=50"}],"curies":[{"name":"wp","href":"https:\/\/api.w.org\/{rel}","templated":true}]}}