{"id":204,"date":"2014-02-18T01:37:15","date_gmt":"2014-02-18T00:37:15","guid":{"rendered":"http:\/\/www.labyrinth-shg.de\/?page_id=204"},"modified":"2024-03-08T01:59:32","modified_gmt":"2024-03-08T00:59:32","slug":"demenz-und-alzheimer-haeufig-gestellte-fragen","status":"publish","type":"page","link":"https:\/\/www.labyrinth-shg.de\/?page_id=204","title":{"rendered":"Demenz und Alzheimer &#8211; H\u00e4ufig gestellte Fragen"},"content":{"rendered":"<h2>Ist \u201eDemenz&#8220; und \u201eAlzheimer&#8220; dasselbe?<\/h2>\n<p style=\"text-align: justify;\">Demenz ist der Oberbegriff f\u00fcr ein Krankheitsbild (Syndrom) infolge hirnorganischer Sch\u00e4digungen. Alzheimer-Demenz ist eine spezielle Form der prim\u00e4ren Demenz. Eine Definition haben wir <a title=\"Begriffsbestimmung \" href=\"http:\/\/www.labyrinth-shg.de\/?page_id=197\">hier<\/a> f\u00fcr Sie zusammengestellt.<\/p>\n<h2>Wie wird Demenz diagnostiziert?<\/h2>\n<p style=\"text-align: justify;\">Fach\u00e4rzte f\u00fcr Neurologie und Psychiatrie k\u00f6nnen die Diagnose stellen. Die physische und mentale Verfassung des Patienten wird mit zahlreichen Methoden festgestellt. K\u00f6rperliche Untersuchungen werden mit bildgebenden Verfahren (<a title=\"CT - Wikipedia\" href=\"http:\/\/de.wikipedia.org\/wiki\/Computertomographie\" target=\"_blank\" rel=\"noopener\">Computertomografie<\/a>, <a title=\"MRT - Wikipedia\" href=\"http:\/\/de.wikipedia.org\/wiki\/Magnetresonanztomographie\" target=\"_blank\" rel=\"noopener\">Magnetresonanztomografie<\/a>) und laborchemischen Analysen unterst\u00fctzt. Besonders wichtig ist die Abgrenzung zu anderen Erkrankungen beziehungsweise deren Ausschluss. Mit psychologischen Tests werden Sprachf\u00e4higkeit, Denkverm\u00f6gen, Wahrnehmung und Merkf\u00e4higkeit gepr\u00fcft. Eine Grundlage der Diagnose ist die <a title=\"Anamnese - Wikipedia\" href=\"http:\/\/de.wikipedia.org\/wiki\/Anamnese\" target=\"_blank\" rel=\"noopener\">Anamnese<\/a>, die m\u00f6glichst von nahen Angeh\u00f6rigen erfragt wird, wenn der Patient nicht in der Lage ist, vollst\u00e4ndig dazu beizutragen.<\/p>\n<h2>Soll die Diagnose offenbart werden?<\/h2>\n<p style=\"text-align: justify;\">Jeder Patient &#8211; und nur der Patient &#8211; hat das Recht, die Diagnose zu erfahren und andere dar\u00fcber zu informieren. Im Umkehrschluss hat er auch das Recht, seine Diagnose nicht zu erfahren. In intensiven Gespr\u00e4chen kann der Arzt den Wunsch des Patienten ermitteln und ihn der Situation und gem\u00e4\u00df dem Krankheitsbild beraten. Dazu geh\u00f6rt auch der Rat, ob Angeh\u00f6rige ins Vertrauen gezogen werden sollen. Die Konfrontation mit der Diagnose l\u00f6st wahrscheinlich einen Schock aus. Die Kenntnis der Erkrankung bietet aber auch die Perspektive einer neuen, der Krankheit und dem Patienten angepassten Lebensplanung. Dazu sollte Wissen \u00fcber die Krankheit und den ad\u00e4quaten Umgang mit den Kranken erworben werden.<\/p>\n<h2>Ist Demenz heilbar?<\/h2>\n<p style=\"text-align: justify;\">Trotz intensiver Forschung auf allen Fachgebieten ist die Krankheit noch nicht heilbar. Mit Medikamenten l\u00e4sst sich die Verschlimmerung der Krankheit eine Zeit lang hinausz\u00f6gern, aber nicht verhindern. Krankengymnastik, <a title=\"Erotherapie - Wikipedia\" href=\"http:\/\/de.wikipedia.org\/wiki\/Ergotherapie\" target=\"_blank\" rel=\"noopener\">Ergotherapie<\/a> (fr\u00fcher: Besch\u00e4ftigungs- und Arbeitstherapie) und <a title=\"Logop\u00e4die - Wikipedia\" href=\"http:\/\/de.wikipedia.org\/wiki\/Logop%C3%A4die\" target=\"_blank\" rel=\"noopener\">Logop\u00e4die<\/a> (Sprachbehandlung) k\u00f6nnen verordnet werden, um die St\u00f6rungen zu minimieren. Ziel aller Behandlungen ist es, die Lebenst\u00fcchtigkeit m\u00f6glichst lange zu erhalten.<\/p>\n<h2>Kann man vorbeugen?<\/h2>\n<p style=\"text-align: justify;\">Leider gibt es noch keinen wirksamen Schutz vor Demenz. Allgemein sollte den Empfehlungen einer gesunden Lebensweise, der Vermeidung von Alkohol- Nikotin- und Drogenmissbrauch, einer gesunden, ausgewogenen Ern\u00e4hrung zur F\u00f6rderung der Gesundheit gefolgt werden. Zus\u00e4tzlich empfiehlt sich bei diesem Krankheitsbild die rechtzeitige Einleitung von Ma\u00dfnahmen zur Blutdruckregulierung, gegen <a title=\"Diabetes mellitus - Wikipedia\" href=\"http:\/\/de.wikipedia.org\/wiki\/Diabetes_mellitus\" target=\"_blank\" rel=\"noopener\">Diabetes mellitus<\/a> und Herzrhythmusst\u00f6rungen. Geistige und soziale Aktivit\u00e4ten geh\u00f6ren zu den allgemeinen Empfehlungen zur Gesunderhaltung.<\/p>\n<h2>Wie geht man mit Demenzkranken um?<\/h2>\n<p>Diesem Thema haben wir einen <a title=\"Umgang mit Demenzkranken\" href=\"http:\/\/www.labyrinth-shg.de\/?page_id=207\">eigenen Artikel<\/a> gewidmet.<\/p>\n<h2>Welche Hilfen bieten Selbsthilfegruppen an?<\/h2>\n<p style=\"text-align: justify;\">Unser <a title=\"\u00dcber uns\" href=\"http:\/\/www.labyrinth-shg.de\/?page_id=50\">Angebot<\/a> richtet sich vor allem an Angeh\u00f6rige, Freunde, Pflegende, zusammengefasst ausgedr\u00fcckt, an das soziale Umfeld von Demenzkranken. Wir informieren Sie rund um die Krankheit, geben Tipps und liefern Ihnen Quellen zur Kenntniserweiterung und -vertiefung. Schwerpunkt unserer Hilfe ist der Erfahrungsaustausch betroffener Angeh\u00f6riger untereinander und die M\u00f6glichkeit der Aussprache, die von pflegenden Angeh\u00f6rigen h\u00e4ufig als erleichternd bezeichnet wird. Dazu dienen unsere <a title=\"Regul\u00e4res Treffen\" href=\"http:\/\/www.labyrinth-shg.de\/?wpl_events_category=regulaere-treffen\">regelm\u00e4\u00dfigen Treffen<\/a>. Unsere Ziele sind in der <a title=\"Satzung\" href=\"http:\/\/www.labyrinth-shg.de\/?page_id=23\">Satzung<\/a> niedergelegt.<\/p>\n<h2>Wie werden Demenzkranke betreut und versorgt?<\/h2>\n<p style=\"text-align: justify;\">Die meisten Kranken werden von Familienangeh\u00f6rigen in ihrer h\u00e4uslichen Umgebung betreut. Es gibt vielf\u00e4ltige Angebote zur Unterst\u00fctzung dieser <a title=\"h\u00e4usliche Pflege - Wikipedia\" href=\"http:\/\/de.wikipedia.org\/wiki\/Altenpflege#H.C3.A4usliche_Pflege\" target=\"_blank\" rel=\"noopener\">Aufgabe<\/a>. Ambulante Pflegedienste helfen bei der Pflege, warme Mahlzeiten werden von zahlreichen Anbietern mobil geliefert. Weitere Unterst\u00fctzung bieten ehrenamtliche Kr\u00e4fte an, die sich in der Wohnung stundenweise um die Demenzkranken k\u00fcmmern. Die Angebote, Demente in kleinen Gruppen f\u00fcr einige Stunden zu betreuen, nehmen zu. Berufst\u00e4tige k\u00f6nnen ihre Sch\u00fctzlinge tags\u00fcber in einer Tagespflege unterbringen. W\u00e4hrend eines Urlaubs bietet sich an, Kurzzeitpflege in Anspruch zu nehmen, bei der Demenzkranke befristet station\u00e4r aufgenommen werden. Tages- und Kurzzeitpflege wird von fast allen Einrichtungen der Altenpflege vorgehalten, aber auch andere Anbieter offerieren diese Leistungen. Einige besch\u00e4ftigen ganztags meist ausl\u00e4ndische Pflege- oder Haushaltshilfen, die auch im Haushalt wohnen. \u00dcber die organisatorischen und rechtlichen <a title=\"Pflegehilfe rund um die Uhr - Verbraucherzentrale Rheinland-Pfalz\" href=\"https:\/\/www.verbraucherzentrale.de\/wissen\/gesundheit-pflege\/pflegeantrag-und-leistungen\/haushaltshilfe-die-pflege-mit-haushaltsnahen-dienstleistungen-ergaenzen-42698\" target=\"_blank\" rel=\"noopener\">Rahmenbedingungen und Kosten<\/a> informiert die Verbraucherzentrale.<\/p>\n<p style=\"text-align: justify;\">Wenn mit Fortschreiten der Krankheit die Betreuung und Pflege zu Hause nicht mehr m\u00f6glich ist, weil das Krankheitsbild sie nicht mehr zul\u00e4sst oder die Belastung f\u00fcr die Pflegenden zu gro\u00df wird, kommt eine (leider selten zu findende) ambulant betreute Wohngemeinschaft oder ein Pflegeheim in Betracht.<\/p>\n<p style=\"text-align: justify;\">Welche Leistungen zur Entlastung pflegender Angeh\u00f6riger sinnvoll sind, richtet sich immer nach dem individuellen Einzelfall. Die Schwere der Erkrankung, die Pers\u00f6nlichkeit, Gewohnheiten und Neigungen der Kranken sowie ihre Vorgeschichte m\u00fcssen unter anderem dazu ber\u00fccksichtigt werden.<\/p>\n<h2>Was ist ein \u201eDemenzcaf\u00e9\u201c?<\/h2>\n<p style=\"text-align: justify;\">Demenzcaf\u00e9s geh\u00f6ren zu den niedrigschwelligen Hilfe- und Betreuungsangeboten gem\u00e4\u00df <a title=\"SGB XI - niedrigschwellige Hilfe- und Betreuungsangebote\" href=\"http:\/\/www.sozialgesetzbuch-sgb.de\/sgbxi\/45b.html\" target=\"_blank\" rel=\"noopener\">\u00a7 45b des elften Sozialgesetzbuchs (SGB XI)<\/a>. In dieser Einrichtung werden Demente in kleinen Gruppen von daf\u00fcr qualifizierten Personen versorgt und betreut, um den pflegenden Angeh\u00f6rigen eine \u201eAuszeit&#8220; zu bieten, in der sie neue Kraft f\u00fcr ihre schwere und verantwortungsvolle Aufgabe sch\u00f6pfen k\u00f6nnen. Diese Einrichtungen sind im Regelfall nur w\u00e4hrend bestimmter Zeiten ge\u00f6ffnet und nicht auf \u201eDurchgangsverkehr\u201c eingerichtet, weil die Betreuung speziell auf die Kranken und ihre individuellen Bed\u00fcrfnisse abgestimmt werden muss. Das betreuende Personal ben\u00f6tigt daf\u00fcr eine konzeptionelle Vorbereitungsphase.<\/p>\n<h2>Was soll ein Pflegeheim bieten?<\/h2>\n<p style=\"text-align: justify;\">Das Pflegeheim muss nicht nur der letzte Notanker sein. In vielen F\u00e4llen kann ein Pflegeheim schon in einem relativ fr\u00fchen Stadium der Krankheit die bessere L\u00f6sung als die h\u00e4usliche Pflege sein. Das h\u00e4ngt von den h\u00e4uslichen Gegebenheiten und der Konstitution der Kranken ab. Die barrierefreie Ausstattung des Pflegeheims gestattet Dementen ein hohes Ma\u00df an&nbsp; Bewegungsfreiheit, sie finden Abwechslung im Zusammenleben mit vielen Menschen, sie erleben rundum eine qualifizierte Versorgung und k\u00f6nnen an vielerlei Aktivit\u00e4ten teilnehmen. Aber auch hier gilt der Grundsatz, dass jeder Einzelfall individuell entschieden werden muss.<\/p>\n<p style=\"text-align: justify;\">Wird das Pflegeheim unausweichlich oder als Alternative zur h\u00e4uslichen Pflege erwogen, sollte eine sorgf\u00e4ltige Auswahl getroffen werden. Die Entscheidung muss auf die Bed\u00fcrfnisse der Kranken ausgerichtet sein. Es kommt vor, dass der supermoderne Glaspalast mit vielen WLAN-Hotspots der Gro\u00dfmutter nicht so gut gef\u00e4llt wie der sanierte Altbau mit den alten Vollholzm\u00f6beln. Dieses mit einem Augenzwinkern zu lesende Kriterium soll verdeutlichen, dass die Kranken den Ausschlag geben, weil sie dort hoffentlich noch viele Jahre mit hoher Lebensqualit\u00e4t verbringen. Die Entscheidung muss rechtzeitig vorbereitet werden. Viele Heime haben Wartelisten. Der beste Weg, ein Heim kennenzulernen, ist ein ausf\u00fchrliches Gespr\u00e4ch mit der Heimleitung, verbunden mit einem Rundgang durch das Haus. Das eingehende Studium eines Heimvertrags mit allen Leistungen und Kosten ist unbedingt anzuraten. Folgende Aspekte sollten beobachtet, erfragt und gekl\u00e4rt werden:<\/p>\n<ul>\n<li>ein auf Demenzkranke zugeschnittenes Pflegekonzept und seine Inhalte,<\/li>\n<li>wertsch\u00e4tzender Umgang mit den Bewohnern,<\/li>\n<li>Integration der Angeh\u00f6rigen und ihrer Kenntnisse \u00fcber die Kranken in die Betreuung,<\/li>\n<li>Programme zur Aktivierung und Mobilisierung der Kranken (Musik, Besch\u00e4ftigung, Spazierg\u00e4nge, Sturzprophylaxe, Therapie mit Tieren, Unterhaltung),<\/li>\n<li>Strukturierung des Tagesablaufs (Mahlzeiten, Besch\u00e4ftigungsanreize, Veranstaltungen),<\/li>\n<li>Umgang mit notwendigen Ma\u00dfnahmen zur Einschr\u00e4nkung der Bewegungsfreiheit,<\/li>\n<li>Ausstattung und M\u00f6blierung der Zimmer evtl. mit eigenen M\u00f6beln, Zustand der sanit\u00e4ren Einrichtungen, Nutzungsm\u00f6glichkeit von Garten oder Terrassen.<\/li>\n<\/ul>\n<h2>&nbsp;Welche Leistungen erbringt die Pflegeversicherung f\u00fcr Demenzkranke?<\/h2>\n<p style=\"text-align: justify;\">Im <a title=\"SGB XI - Bundesministerium der Justiz und f\u00fcr Verbraucherschutz\" href=\"http:\/\/www.gesetze-im-internet.de\/sgb_11\/index.html\" target=\"_blank\" rel=\"noopener\">elften Sozialgesetzbuch (SGB XI)<\/a> sind die Bestimmungen f\u00fcr die Pflegeversicherung niedergelegt. Leistungen der Pflegeversicherung orientieren sich am k\u00f6rperlichen Pflegebedarf, der in drei Pflegestufen kategorisiert ist. \u00dcber die Einstufung entscheidet der <a title=\"MdK - Wikipedia\" href=\"http:\/\/de.wikipedia.org\/wiki\/Medizinischer_Dienst_der_Krankenversicherung\" target=\"_blank\" rel=\"noopener\">Medizinische Dienst der Krankenversicherung (MdK)<\/a> als Dienstleister der Versicherungen. Ma\u00dfgeblich f\u00fcr die Einstufung sind die Hilfebedarfe bei Mobilit\u00e4t, K\u00f6rperpflege, hauswirtschaftlicher Versorgung und Ern\u00e4hrung. Es empfiehlt sich, zum Nachweis gegen\u00fcber dem MdK Aufzeichnungen in Form eines \u201ePflegetagebuchs&#8220; zu f\u00fchren.<\/p>\n<p style=\"text-align: justify;\">Demente in h\u00e4uslicher Pflege haben gem\u00e4\u00df \u00a7\u00a7 45 &#8211; 45d wegen dauerhafter erheblicher Einschr\u00e4nkung der Alltagskompetenz unter Umst\u00e4nden Anspruch auf Pflegegeld oder Pflegesachleistung. Eventuell wird ein Betrag in H\u00f6he von 104 \u20ac oder 208 \u20ac zus\u00e4tzlich f\u00fcr die Inanspruchnahme niedrigschwelliger Hilfs- und Betreuungsangebote gew\u00e4hrt. Zu diesen Angeboten geh\u00f6ren unter anderem gemenz-Caf\u00e9s. \u00dcber die Zugeh\u00f6rigkeit zum berechtigten Personenkreis und die H\u00f6he der Versicherungsleistung entscheiden der MdK oder von den Krankenkassen bestellte gutachterliche Stellungnahmen.<\/p>\n<h2>Wie ist der Handlungsunf\u00e4higkeit von Demenzkranken zu begegnen?<\/h2>\n<p style=\"text-align: justify;\">Demenzkranke k\u00f6nnen bei Fortschreiten der Krankheit ihre Angelegenheiten nicht mehr selbst regeln. Das umfasst praktische Alltagsangelegenheiten wie Einkaufen, Kontof\u00fchrung, Vertragsabschl\u00fcsse, Mietangelegenheiten, bis hin zur Einhaltung medizinischer Verordnungen und anderen wichtigen Angelegenheiten. Was ist in dieser Situation zu tun? Wer trifft Entscheidungen f\u00fcr die Kranken und in ihrem Interesse?<\/p>\n<p style=\"text-align: justify;\">Diese einfachen Fragen k\u00f6nnen aufgrund vieler individueller Gegebenheiten nicht allgemein und erst recht nicht einfach beantwortet werden. Antworten finden sich im <a title=\"Betreuungsrecht - Bundesministerium der Justiz und f\u00fcr Verbraucherschutz\" href=\"https:\/\/www.bmj.de\/DE\/themen\/vorsorge_betreuungsrecht\/vorsorge_betreuungsrecht_node.html\" target=\"_blank\" rel=\"noopener\">Betreuungsrecht<\/a><span style=\"text-decoration: underline;\">, <\/span>das die Regelungen f\u00fcr dieses Rechtsgebiet enth\u00e4lt. In der <a title=\"Betreuungsrecht - Bundesministerium der Justiz und f\u00fcr Verbraucherschutz\" href=\"https:\/\/www.bmj.de\/SharedDocs\/Publikationen\/DE\/Broschueren\/Betreuungsrecht.pdf?__blob=publicationFile\" target=\"_blank\" rel=\"noopener\">Brosch\u00fcre<\/a> des Bundesministeriums der Justiz und f\u00fcr Verbraucherschutz finden Sie sehr ausf\u00fchrliche Informationen und weiterf\u00fchrende Hinweise. Wir erl\u00e4utern hier nur kurz die wichtigsten Begriffe. Sie sollten unbedingt vor Eintritt der Entscheidungsunf\u00e4higkeit der erkrankten Person anwaltlichen oder notariellen Rat einholen, einen <a title=\"Bergischer Betreuungsverein e. V.\" href=\"http:\/\/www.bergische-betreuung.de\/\" target=\"_blank\" rel=\"noopener\">Betreuungsverein<\/a> oder das <a title=\"Betreuung - Amtsgericht Wuppertal\" href=\"https:\/\/www.ag-wuppertal.nrw.de\/beh_sprachen\/beh_sprache_LS\/aufgaben_LSO\/ZT_abteilungen_LSO\/Betreuung_LSO\/index.php\" target=\"_blank\" rel=\"noopener\">Amtsgericht<\/a> konsultieren. Nur diese Fachleute k\u00f6nnen Ihnen kompetent die f\u00fcr Ihre spezifische Situation geeigneten Ma\u00dfnahmen empfehlen.<\/p>\n<p>Die gel\u00e4ufigsten Begriffe:<\/p>\n<ul>\n<li>\n<h3><a title=\"Patientenverf\u00fcgung - Wikipedia\" href=\"http:\/\/de.wikipedia.org\/wiki\/Patientenverf%C3%BCgung\" target=\"_blank\" rel=\"noopener\">Patientenverf\u00fcgung<\/a><\/h3>\n<p>enth\u00e4lt Weisungen f\u00fcr medizinische (lebenserhaltende \/ -verl\u00e4ngernde) Ma\u00dfnahmen oder deren Unterlassung in besonderen F\u00e4llen<\/li>\n<li>\n<h3><a title=\"Vorsorgevollmacht - Wikipedia\" href=\"http:\/\/de.wikipedia.org\/wiki\/Vorsorgevollmacht\" target=\"_blank\" rel=\"noopener\">Vorsorgevollmacht<\/a><\/h3>\n<p>bestimmt eine Person zur Vertretung in den niedergelegten Entscheidungsbereichen<\/li>\n<li>\n<h3><a title=\"Betreuung - Wikipedia\" href=\"http:\/\/de.wikipedia.org\/wiki\/Betreuung_%28Recht%29\" target=\"_blank\" rel=\"noopener\">Betreuung<\/a><\/h3>\n<p>wird bei Vorliegen einer psychischen Erkrankung oder einer k\u00f6rperlichen, geistigen oder seelischen Behinderung vom Betreuungsgericht bestellt<\/li>\n<li>\n<h3><a title=\"Betreuungsverf\u00fcgung - Wikipedia\" href=\"http:\/\/de.wikipedia.org\/wiki\/Betreuungsverf%C3%BCgung\" target=\"_blank\" rel=\"noopener\">Betreuungsverf\u00fcgung<\/a><\/h3>\n<p>schl\u00e4gt eine oder mehrere Personen vor, die bei Eintritt des Betreuungsfalls vom Gericht als Betreuer bestellt werden sollen<\/li>\n<\/ul>\n","protected":false},"excerpt":{"rendered":"<p>Ist \u201eDemenz&#8220; und \u201eAlzheimer&#8220; dasselbe? Demenz ist der Oberbegriff f\u00fcr ein Krankheitsbild (Syndrom) infolge hirnorganischer Sch\u00e4digungen. Alzheimer-Demenz ist eine spezielle Form der prim\u00e4ren Demenz. Eine Definition haben wir hier f\u00fcr Sie zusammengestellt. Wie wird Demenz diagnostiziert? Fach\u00e4rzte f\u00fcr Neurologie und Psychiatrie k\u00f6nnen die Diagnose stellen. Die physische und mentale Verfassung des Patienten wird mit zahlreichen [&hellip;]<\/p>\n","protected":false},"author":1,"featured_media":0,"parent":0,"menu_order":0,"comment_status":"open","ping_status":"open","template":"","meta":[],"_links":{"self":[{"href":"https:\/\/www.labyrinth-shg.de\/index.php?rest_route=\/wp\/v2\/pages\/204"}],"collection":[{"href":"https:\/\/www.labyrinth-shg.de\/index.php?rest_route=\/wp\/v2\/pages"}],"about":[{"href":"https:\/\/www.labyrinth-shg.de\/index.php?rest_route=\/wp\/v2\/types\/page"}],"author":[{"embeddable":true,"href":"https:\/\/www.labyrinth-shg.de\/index.php?rest_route=\/wp\/v2\/users\/1"}],"replies":[{"embeddable":true,"href":"https:\/\/www.labyrinth-shg.de\/index.php?rest_route=%2Fwp%2Fv2%2Fcomments&post=204"}],"version-history":[{"count":54,"href":"https:\/\/www.labyrinth-shg.de\/index.php?rest_route=\/wp\/v2\/pages\/204\/revisions"}],"predecessor-version":[{"id":1245,"href":"https:\/\/www.labyrinth-shg.de\/index.php?rest_route=\/wp\/v2\/pages\/204\/revisions\/1245"}],"wp:attachment":[{"href":"https:\/\/www.labyrinth-shg.de\/index.php?rest_route=%2Fwp%2Fv2%2Fmedia&parent=204"}],"curies":[{"name":"wp","href":"https:\/\/api.w.org\/{rel}","templated":true}]}}