{"id":21,"date":"2014-02-01T22:55:49","date_gmt":"2014-02-01T20:55:49","guid":{"rendered":"http:\/\/www.labyrinth-shg.de\/?page_id=21"},"modified":"2026-02-08T02:37:55","modified_gmt":"2026-02-08T01:37:55","slug":"mitglied-werden","status":"publish","type":"page","link":"http:\/\/www.labyrinth-shg.de\/?page_id=21","title":{"rendered":"Mitarbeiten"},"content":{"rendered":"<h2><strong>Ihre Hilfe ist unserem tollen Team jederzeit herzlich willkommen!<\/strong><\/h2>\n<p><strong>Wenn Sie uns unterst\u00fctzen wollen, wenden Sie sich einfach an unsere <a title=\"Ansprechpartner\" href=\"http:\/\/www.labyrinth-shg.de\/?page_id=37\">Ansprechpartner<\/a>.<\/strong><\/p>\n<p style=\"text-align: justify;\">Es gibt zur Vorbereitung und Durchf\u00fchrung der Veranstaltungen mit <a href=\"http:\/\/www.festina-lente.de\" target=\"_blank\" rel=\"noopener\">festina lente<\/a> immer sehr viel zu tun. Bei den Adventsbasaren m\u00fcssen u. a. die Pr\u00e4sentationsst\u00e4nde besetzt, Speisen und Getr\u00e4nke ausgegeben\u00a0 werden F\u00fcr den Tanz in den Mai, Sommerfest, Oktoberfest und andere Gelegenheiten werden Kulissen und viele Utensilien gebraucht, die selbst hergestellt werden. Bei diesen Gelegenheiten finden auch Auff\u00fchrungen statt, deren Rollen besetzt werden m\u00fcssen.<\/p>\n<p style=\"text-align: justify;\">Die intensivere Form der Hilfe ist der Eintritt in unsere Gruppe. Die Mitgliedschaft ist kostenlos, von den Mitgliedern wird aber erwartet, dass sie sich an der Arbeit der Gruppe beteiligen. Das Ausma\u00df und die Art der Beteiligung entscheidet jedes Mitglied f\u00fcr sich selbst.<\/p>\n<p style=\"text-align: justify;\">Von der Mitgliedschaft sind lediglich Personen ausgeschlossen, die Organisationen angeh\u00f6ren oder nahe stehen, deren Ziele mit unseren nicht in Einklang gebracht werden k\u00f6nnen. Unsere <a title=\"Satzung\" href=\"http:\/\/www.labyrinth-shg.de\/?page_id=23\">Satzung <\/a>enth\u00e4lt dazu konkrete Angaben.<\/p>\n<p>Nat\u00fcrlich sind <a title=\"Spenden\" href=\"http:\/\/www.labyrinth-shg.de\/?page_id=178\">Spenden<\/a> jederzeit willkommen &#8211; diese erweitern unsere Hilfsm\u00f6glichkeiten.<\/p>\n","protected":false},"excerpt":{"rendered":"<p>Ihre Hilfe ist unserem tollen Team jederzeit herzlich willkommen! Wenn Sie uns unterst\u00fctzen wollen, wenden Sie sich einfach an unsere Ansprechpartner. Es gibt zur Vorbereitung und Durchf\u00fchrung der Veranstaltungen mit festina lente immer sehr viel zu tun. Bei den Adventsbasaren m\u00fcssen u. a. die Pr\u00e4sentationsst\u00e4nde besetzt, Speisen und Getr\u00e4nke ausgegeben\u00a0 werden F\u00fcr den Tanz in [&hellip;]<\/p>\n","protected":false},"author":1,"featured_media":0,"parent":0,"menu_order":0,"comment_status":"open","ping_status":"open","template":"","meta":[],"_links":{"self":[{"href":"http:\/\/www.labyrinth-shg.de\/index.php?rest_route=\/wp\/v2\/pages\/21"}],"collection":[{"href":"http:\/\/www.labyrinth-shg.de\/index.php?rest_route=\/wp\/v2\/pages"}],"about":[{"href":"http:\/\/www.labyrinth-shg.de\/index.php?rest_route=\/wp\/v2\/types\/page"}],"author":[{"embeddable":true,"href":"http:\/\/www.labyrinth-shg.de\/index.php?rest_route=\/wp\/v2\/users\/1"}],"replies":[{"embeddable":true,"href":"http:\/\/www.labyrinth-shg.de\/index.php?rest_route=%2Fwp%2Fv2%2Fcomments&post=21"}],"version-history":[{"count":15,"href":"http:\/\/www.labyrinth-shg.de\/index.php?rest_route=\/wp\/v2\/pages\/21\/revisions"}],"predecessor-version":[{"id":1373,"href":"http:\/\/www.labyrinth-shg.de\/index.php?rest_route=\/wp\/v2\/pages\/21\/revisions\/1373"}],"wp:attachment":[{"href":"http:\/\/www.labyrinth-shg.de\/index.php?rest_route=%2Fwp%2Fv2%2Fmedia&parent=21"}],"curies":[{"name":"wp","href":"https:\/\/api.w.org\/{rel}","templated":true}]}}